{"id":124,"date":"2015-11-11T15:50:39","date_gmt":"2015-11-11T15:50:39","guid":{"rendered":"http:\/\/qkthemes-demo.com\/wordpress\/construct\/?page_id=124"},"modified":"2024-01-11T16:11:05","modified_gmt":"2024-01-11T16:11:05","slug":"tijolo-21-furos","status":"publish","type":"page","link":"http:\/\/cepazzi.com.br\/index.php\/produtos\/tijolo-21-furos\/","title":{"rendered":"Tijolos 21 Furos"},"content":{"rendered":"<p>[vc_row el_class=&#8221;services-section&#8221;][vc_column width=&#8221;1\/2&#8243;][qk_service title=&#8221;Tijolos 21 Furos Misto 11,5&#215;5,3&#215;24 cm&#8221; image=&#8221;296&#8243;][\/qk_service][\/vc_column][\/vc_row][vc_row el_class=&#8221;services-section&#8221;][vc_column width=&#8221;1\/2&#8243;][qk_service title=&#8221;Tijolos 21 Furos Misto 11,5&#215;11,5&#215;24 cm&#8221; image=&#8221;297&#8243;][\/qk_service][\/vc_column][vc_column width=&#8221;1\/2&#8243;][\/vc_column][\/vc_row][vc_row][vc_column][vc_column_text]Consulte outras classifica\u00e7\u00f5es atrav\u00e9s do telefone\u00a0(51) 3488.1022.<\/p>\n<h6>Fotos meramente ilustrativas.<\/h6>\n<p>[\/vc_column_text][\/vc_column][\/vc_row]<\/p>\n","protected":false},"excerpt":{"rendered":"<p>[vc_row el_class=&#8221;services-section&#8221;][vc_column width=&#8221;1\/2&#8243;][qk_service title=&#8221;Tijolos 21 Furos Misto 11,5&#215;5,3&#215;24 cm&#8221; image=&#8221;296&#8243;][\/qk_service][\/vc_column][\/vc_row][vc_row el_class=&#8221;services-section&#8221;][vc_column width=&#8221;1\/2&#8243;][qk_service title=&#8221;Tijolos 21 Furos Misto 11,5&#215;11,5&#215;24 cm&#8221; image=&#8221;297&#8243;][\/qk_service][\/vc_column][vc_column width=&#8221;1\/2&#8243;][\/vc_column][\/vc_row][vc_row][vc_column][vc_column_text]Consulte outras classifica\u00e7\u00f5es atrav\u00e9s do telefone\u00a0(51) 3488.1022. Fotos meramente ilustrativas. [\/vc_column_text][\/vc_column][\/vc_row]<\/p>\n","protected":false},"author":1,"featured_media":0,"parent":71,"menu_order":0,"comment_status":"closed","ping_status":"closed","template":"template-service.php","meta":[],"acf":[],"_links":{"self":[{"href":"http:\/\/cepazzi.com.br\/index.php\/wp-json\/wp\/v2\/pages\/124"}],"collection":[{"href":"http:\/\/cepazzi.com.br\/index.php\/wp-json\/wp\/v2\/pages"}],"about":[{"href":"http:\/\/cepazzi.com.br\/index.php\/wp-json\/wp\/v2\/types\/page"}],"author":[{"embeddable":true,"href":"http:\/\/cepazzi.com.br\/index.php\/wp-json\/wp\/v2\/users\/1"}],"replies":[{"embeddable":true,"href":"http:\/\/cepazzi.com.br\/index.php\/wp-json\/wp\/v2\/comments?post=124"}],"version-history":[{"count":13,"href":"http:\/\/cepazzi.com.br\/index.php\/wp-json\/wp\/v2\/pages\/124\/revisions"}],"predecessor-version":[{"id":632,"href":"http:\/\/cepazzi.com.br\/index.php\/wp-json\/wp\/v2\/pages\/124\/revisions\/632"}],"up":[{"embeddable":true,"href":"http:\/\/cepazzi.com.br\/index.php\/wp-json\/wp\/v2\/pages\/71"}],"wp:attachment":[{"href":"http:\/\/cepazzi.com.br\/index.php\/wp-json\/wp\/v2\/media?parent=124"}],"curies":[{"name":"wp","href":"https:\/\/api.w.org\/{rel}","templated":true}]}}